ts digit of z?
2
What is the units digit of ((-1)/5 - 3)*(-82 - -2)?
6
Suppose 0 = -4*j - 5*c + 1337, 5*j - 873 = -4*c + 787. What is the units digit of j?
8
Let f = -74 - -74. Suppose o + 118 = 2*m, f = -m + o - 9 + 67. What is the units digit of m?
0
Let m(p) be the first derivative of p**3 + 5*p**2 - 16*p + 15. Let g be m(10). Suppose 0 = -0*u - 2*u - 3*d + 158, 2*d - g = -5*u. What is the units digit of u?
6
Let p(j) = 9*j**2 + j - 3. Let o be p(-3). Let m(x) = 2*x + 33. Let w be m(-15). Suppose 0*v + 3*v + 17 = b, -3*v - o = -w*b. What is the tens digit of b?
2
Let x = 29 - 25. Let y(n) = -n**3 + 5*n**2 + n + 7. What is the tens digit of y(x)?
2
Suppose 5*i + 2*u - 750 = 0, 0 = -i - 3*i + 3*u + 623. What is the hundreds digit of i?
1
Let j(q) = q**3 + 8*q**2 - 6*q - 7. Let y be j(4). Let a = y - 59. What is the units digit of a?
2
What is the tens digit of (-24)/(-24) + 352 + 1?
5
Suppose 67 = -4*b - 5. What is the tens digit of (154/(-66))/(1/b)?
4
Let i = -18 - -21. Suppose -i*s = -5*s + 6. What is the units digit of s?
3
Suppose -3*t - 84 = -t - 2*i, -3*t + i = 130. Suppose -59 + 155 = -4*p. Let m = p - t. What is the units digit of m?
0
Suppose 3*m - 215 = 4*m - 2*c, 5*m + 3*c = -1062. Let f = 331 + m. What is the units digit of f?
8
Suppose 0 = w + 4*f + 66, -w - 80 = -f - 2*f. Suppose 3*q = 4*q + 111. Let t = w - q. What is the units digit of t?
7
What is the tens digit of (-40)/(-2 - -7) - -4 - -2756?
5
Suppose 12*i - 6*i + 30 = 0. What is the units digit of 41 + (i - (-2 + 1))?
7
Let g = 2 - -3. Let l be -105*g/((-100)/(-8)). Let p = -19 - l. What is the tens digit of p?
2
Let j = -126 - 45. Let c = 332 + j. What is the hundreds digit of c?
1
Suppose -2*g - 2*g + 4 = 0. Suppose 0 = f + 2 - g. What is the tens digit of 0 + f + 5*4?
1
Let d(k) = 239*k**2 - 4*k + 2. What is the tens digit of d(1)?
3
Let k(s) = -s + 384. What is the tens digit of k(41)?
4
Suppose 0 = -3*q + 12, -4*x - 2*q - 180 = 3*q. Let p be (-7)/42 - x/12. What is the tens digit of (-6 + p)/((-4)/38)?
1
Suppose 0 = 4*q - 7*q + 33. Suppose q - 83 = -3*r. What is the tens digit of r?
2
Suppose -24 = -3*c + c. Let y be c*(4 - 115/20). Let t = 23 + y. What is the units digit of t?
2
Let g(u) = 2*u + 3. Let f(y) = -y**2 + 10*y - 12. Let a be f(8). Let o be g(a). Let w = -1 + o. What is the tens digit of w?
1
Let x = -6 + 6. Let d be -3 + (21 - (x + -2)). Let c = d + -5. What is the units digit of c?
5
Suppose 7*r = 8*r - 3. Suppose 0 = -j - r*g + 98, g - 2 = -g. What is the units digit of j?
5
Suppose 13*k - 10541 = 9557. What is the hundreds digit of k?
5
Suppose -3*c + 19 = -4*b, -3*c + 3*b = -0*c - 15. Let r(v) = -3*v - 1. Let f be r(c). What is the tens digit of f - (-57)/(-3)*-1?
1
Suppose 0 = 3*i - w - 4*w - 59, -2*w = 3*i - 52. Suppose -22*g = -i*g - 380. What is the tens digit of g?
9
Let b be ((-20)/30)/(4/(-966)). Suppose -4 = 5*r + b. What is the tens digit of -2 - r - (-3)/1?
3
Let u = 1 - -8. Suppose -k + 23 + u = 0. Suppose -b = b - k. What is the tens digit of b?
1
Let a = -6 + 5. Let m be (2 + 3)*(a - -2). Suppose 4*g = -4*i + 68, 5*i + 29 = m*g - 6. What is the tens digit of g?
1
Suppose u = 3*j + 48, -u - 27 = 3*j - j. Let g(c) = -c**3 - 14*c**2 + 11*c - 14. What is the units digit of g(j)?
6
Let g(p) be the first derivative of p**2/2 + 21*p - 13. Let n be g(-20). What is the units digit of 56/(-14) + (n - -74)?
1
Suppose -2362 = -13*j + 1798. Suppose -6*l + 100 = -j. What is the tens digit of l?
7
Let z(c) = -c**2 + 2*c + 4. Let u be z(5). Let b = -13 - u. What is the tens digit of 39/6*4 + b?
2
Suppose 6*b - 3*b = 5*p - 27, b - p + 7 = 0. Let t(n) = 3*n**2 - 7*n - 6. What is the units digit of t(b)?
0
Let n(h) = h**3 + 2*h**2 - 2*h - 4. Let f be n(3). Let b = 47 - f. Suppose -2*z = 4, c - 14 - b = -3*z. What is the tens digit of c?
3
Suppose -18*q = -14*q - 984. What is the tens digit of q?
4
Let q(r) = -20*r - 8. Let h be q(-4). Let p = -104 + h. Let y = p + 66. What is the tens digit of y?
3
Suppose 11 + 184 = 5*h. What is the units digit of h?
9
Let w be (-8)/(-48) - 17/(-6). Suppose -40 = -c - p, -3*c + 2*p + w + 97 = 0. What is the tens digit of c?
3
Let d(y) = -28*y - 7. Let k(h) = -4*h - 14. Let q be k(-3). What is the units digit of d(q)?
9
Suppose y + 10 - 17 = 0. Suppose -5*x - 5*b = 20, -b + y = -4*x + 1. What is the units digit of (-74)/(-2)*(-2)/x?
7
Let a be (-1)/2 + (-22)/(-4). What is the hundreds digit of a/((-15)/(-9)) + 152?
1
Suppose -3*z = -5*c + 39, -2*c - 5*z + 2 = 5. Suppose -1 = v - c. What is the units digit of v?
5
Suppose 0 = 4*j - 5*j + 4. Suppose 7*i = j*i + 351. What is the hundreds digit of i?
1
Suppose 3*g - g - 6 = -p, 3*p - 5*g = 40. Let j(u) = -u**3 + 12*u**2 - 9*u - 16. What is the tens digit of j(p)?
9
Suppose -5*v - g + 6 = 0, 5*v - 4*g + 13 = 39. Suppose -v*d = o - 362, 4*o = 2*d + o - 354. What is the tens digit of d?
8
Suppose 2*x - 2838 = 3*f, -3*f - 4086 = -5*x + 3027. What is the units digit of x?
5
Suppose -4*p + 3*s - 34 = -14, 2*p + 4*s = -32. Let k(h) = -4*h - 9 + 2*h - 3*h. What is the tens digit of k(p)?
3
Suppose -5*u + 210 = 2*u. Let g = u + -30. Suppose 131 = 5*w - r + 4*r, w - 4*r - 40 = g. What is the tens digit of w?
2
Let q(v) be the second derivative of v**6/240 - 13*v**5/120 - 3*v**4/4 + v. Let a(z) be the third derivative of q(z). What is the units digit of a(12)?
3
Let k(v) = 15*v**2 - v + 66. What is the hundreds digit of k(-7)?
8
Let y = 93 - 93. Suppose y = -4*g - 0*g + q + 661, 821 = 5*g + 4*q. What is the units digit of g?
5
Suppose 2*x = x + 5*y + 3264, 4*x = 5*y + 13116. What is the thousands digit of x?
3
What is the units digit of (-15)/(-2)*6558/9 + 1?
6
Let d(n) = 2*n**2 + 2*n**2 - n**3 + 2*n**3 + 3*n**2 - 4. Let v be d(-7). Let b = 19 - v. What is the tens digit of b?
2
Suppose -3*y + 3*c + 2*c - 9 = 0, 0 = 5*y - 4*c + 15. Let s be (-1)/(-1) + (-6)/y. Suppose -8*l + 110 = -s*l. What is the tens digit of l?
2
What is the units digit of ((-20)/(-140) - 86382/14)/(-2)?
5
Let j be 117/5 - (-18)/30. Suppose -7*n = n - j. Suppose n*o - 2*b = 152, -4*o + 3*o - 5*b + 28 = 0. What is the tens digit of o?
4
Suppose 6*v - 1543 = 5*v. Suppose 0 = -10*y + 217 + v. What is the units digit of y?
6
Let d = -3367 + 5170. What is the thousands digit of d?
1
Let c = -15 + 20. Suppose -2*q - 3 = -q, 3*h - c*q = 423. What is the units digit of h?
6
Let g(p) = p**2 + 8*p + 6. Let m be g(-6). What is the tens digit of 2/m - (5376/(-9))/7?
8
Let j(c) = 2*c**2 + 4*c - 9. Let a(g) = -2*g**2 + 17*g + 12. Let d be a(9). What is the units digit of j(d)?
1
Let t(s) = 6*s**2 + 14*s - 110. What is the thousands digit of t(-21)?
2
Suppose 3*x = -6, 0 = 2*a + 2*x - 0*x - 44. Suppose a = m - 5*g, -g = -m - 4*g + 24. What is the tens digit of m?
2
Let g be (24/10 - 2/5)*2. Suppose o + g*i + i - 57 = 0, 5*o = 5*i + 195. What is the tens digit of o?
4
Suppose 13 = -s + 277. What is the tens digit of s?
6
Let c be 5 - -4*(-1)/(-2). Suppose 2*p = c*p. Let o = 3 - p. What is the units digit of o?
3
Let v(o) = 5*o - 2. Let k(i) = 14*i - 7. Let s(t) = 2*k(t) - 7*v(t). Suppose -2*l = 4*q + 10, 5*q - 4 = -2*l + 5*l. What is the units digit of s(q)?
7
Suppose 30*c = 24*c + 1404. What is the units digit of c?
4
Let k(i) be the second derivative of i**5/20 + 3*i**4/4 - i**3/2 - 11*i**2/2 + 2*i. Let t be k(-9). Suppose -3*f = -f - t. What is the units digit of f?
8
Suppose -3*u - 501 = -2*v, 4*v = 3*v - 2*u + 261. What is the tens digit of v?
5
Suppose 6*m + 63 = -141. Let u = m - -88. What is the units digit of u?
4
What is the units digit of (3 + -14 - -1785) + 2?
6
Let a(c) be the first derivative of 22*c**3/3 + c**2/2 + c - 7. What is the units digit of a(-1)?
2
Let f = 1878 + -999. What is the hundreds digit of f?
8
What is the units digit of (13952/(-80))/((-2)/20)?
4
Let p = 256 - -78. What is the tens digit of p?
3
Suppose 5*a - 3*n - 16 - 4 = 0, 5*n = 5*a - 20. Suppose 4*s = -a*x + 432, -5*x + s + 442 = -x. What is the units digit of x?
0
Suppose 341*p - 347*p + 2400 = 0. What is the tens digit of p?
0
Suppose -2*j = -4*j - 4*j. What is the units digit of -2 - (j + 2) - -91?
7
Suppose 0 = 3*o - 28 - 17. Let r = o - 14. Let h = r + 13. What is the units digit of h?
4
Suppose 0 = -2*z - 6 + 2. What is the units di